 p + 4 = 0, -v + 4*p = 4*v - 5. Let f(x) = x**2 + 5*x + 4. Calculate f(v).
-2
Let r(k) = k**3 - 4*k**2 + 4*k + 1. Let z = -25 + 28. Calculate r(z).
4
Suppose 4*v - 17 + 5 = -4*i, 4*i = 2*v. Let z(l) be the third derivative of 0 + 0*l - 1/8*l**4 - v*l**2 + 2/3*l**3. Give z(4).
-8
Let k(d) be the second derivative of 1/20*d**5 + 0 - 1/6*d**3 + d**2 + 1/6*d**4 + 8*d. What is k(-3)?
-4
Suppose 7*q + 22 = 4*q + 5*l, 0 = -2*q - 4*l + 22. Let j(g) = g + 0 + 0 - q. What is j(-4)?
-5
Let t be (-30)/9 + 3 + 16/(-6). Let r(a) = a**3 + 4*a**2 + 3*a + 3. Determine r(t).
3
Let t(k) = -k + 9. Suppose -4*o + 6*o - 10 = 0. Determine t(o).
4
Let l(y) = y - 1. Let b be l(5). Let q(c) = -c + 3*c**2 + 0*c - 6*c**2 + b*c**2. Calculate q(0).
0
Suppose -5*f = -7*f + 14. Let y(k) = -5*k**2 - f - 2*k + 2*k**2 + 4*k + 4*k**2. What is y(-5)?
8
Let f = 10 - 4. Suppose -2*u = -0*u - f. Let a(x) = -x**2 - u - 1 + 2. What is a(2)?
-6
Let o(m) = 10*m**2. Suppose i - 4*i = -9. Let d = 2 - i. Determine o(d).
10
Suppose -3*g - 2*l = -4 + 10, -3*g - l = 6. Let b(v) = v**2 - v + 2. What is b(g)?
8
Let p(m) = -17*m + 4. Let o(i) = -4*i + 1. Let a(g) = 26*o(g) - 6*p(g). What is a(2)?
-2
Let y(i) = -i**2 - 3*i + 5. Let h be y(-4). Let u(m) = 2 + 2*m + 2 - 3. What is u(h)?
3
Let o(q) = -16 + 5*q - 3 - 1 + 29. Calculate o(-6).
-21
Suppose -2*l = l - 15. Let r = 7 - l. Let a(p) = r + 4*p**2 + 4 - p**3 - 3*p + 2*p**3. Give a(-5).
-4
Let l = -4 - -4. Let o(t) be the second derivative of t**6/120 - t**5/60 + 7*t**3/6 + t**2/2 + t. Let n(m) be the first derivative of o(m). Calculate n(l).
7
Let c(h) = -h**3 - h**2 + h. Let j(w) = 4*w**3 + 7*w**2 - 6*w. Let u(z) = -6*c(z) - j(z). Let y = -10 - -6. Let s = y + 3. Calculate u(s).
-3
Let g(u) = -u**3 + u - 1. Let z(l) = 2*l**3 - 2*l + 5. Let p(n) = 4*g(n) + z(n). What is p(-1)?
1
Let o be (-1)/(-5) + 14/5. Let k(j) = j**2 + 3*j - 2. Let b be k(-4). Let f(c) = 4*c**b - c**3 + 4*c**3 - 4 + 3*c - 2*c**o - c. Give f(-3).
-1
Let o(g) be the first derivative of 5*g**2/2 + 60*g - 2. Let y(u) = u + 12. Let r(d) = 2*o(d) - 11*y(d). Calculate r(-5).
-7
Let w be ((-4)/(-6))/(1/(-3)). Let p(h) = 36*h + 6. Let k(j) = -5*j + 2 + 1 - 4. Let y(s) = w*p(s) - 15*k(s). Determine y(-3).
-6
Let x(q) = 3 - 1 - 7*q + 0 + 0. Give x(-3).
23
Let y(j) = 5*j - 2. Let m(p) = 4*p - 1. Suppose 24 = -2*a + 3*d, 0*d - 46 = 5*a - 4*d. Let b(x) = a*m(x) + 5*y(x). Suppose 0 = 3*s + 10 - 1. Calculate b(s).
-7
Let u(v) = 3*v**3 + 3*v**2 + 7. Let h(j) = 8*j**3 + 9*j**2 + 20. Let k(b) = 4*h(b) - 11*u(b). Let f = 8 + -3. Suppose -f - 4 = -3*w. Calculate k(w).
3
Let r(s) be the first derivative of s**5/60 - s**4/24 - s**3/3 + 1. Let u(p) be the third derivative of r(p). Suppose 4*a - 15 = -a. Give u(a).
5
Suppose 3*a + 16 = -a. Let p be (-2 + 12)*3/6. Let o(w) = -6*w + 0 - 3 + p*w. Calculate o(a).
1
Let q(r) = -r**3 + 4*r**2 + 4*r + 2. Suppose -4*s + 0 = -12. Let t(n) = n**2 + 6*n + 6. Let j be t(-5). Let c be j/(-2*s/(-30)). Give q(c).
-3
Let z(b) = b**2 - 6*b. Suppose 4*f - 18 = f. Suppose 3*o = -0*o + f. Suppose -k = -o*k + 5. Give z(k).
-5
Let r(f) = 3 + 4*f + 0 + 0*f. Let l(j) = -j**3 - 8*j**2 - 2*j - 18. Let m be l(-8). What is r(m)?
-5
Let r(m) = 1 - 113*m + 1 + 112*m. Let y(o) = -o**2 + 7*o + 3. Let j be y(8). Determine r(j).
7
Let h(f) be the second derivative of f**4/3 + f**3/6 + f. Suppose -4*x + 2*u - 11 = -x, -3*u = x - 11. Calculate h(x).
3
Let d(h) be the first derivative of h**4/4 + 8*h**3/3 + 4*h**2 + 3*h - 3. Determine d(-7).
-4
Let l(c) = 2*c. Let a be l(1). Let m(t) = 3*t**2 - t + 2. Calculate m(a).
12
Let j(m) = -2*m**2 + 1 - 3*m**3 - 4*m**3 - 5*m**3. Let s(r) = -r**3 - 9*r**2 + 2*r - 12. Let w be s(-9). Let d be (-4)/3 + (-10)/w. Determine j(d).
11
Let r be (-3)/(-6)*4/(-2). Let x(n) = n - 1 + 2*n**3 + 1 + 2*n**2. Calculate x(r).
-1
Let n(d) = -2*d**2 + d + 11*d**3 - 2*d**3 - 4*d**3. Calculate n(1).
4
Let o(x) = -5*x**2 + 11*x. Let m(v) = v**2 - v - 1. Let c(t) = -4*m(t) - o(t). Calculate c(4).
-8
Suppose 7 = 5*s - 3. Let k be ((-3)/s)/(1/2). Let b(m) = -4*m - 4. Determine b(k).
8
Let c(j) be the second derivative of -j**8/6720 + j**7/630 + j**6/180 - j**5/30 - j**4/3 + j. Let f(s) be the third derivative of c(s). Give f(4).
12
Suppose 5*t - 15 = 5. Let b(c) = -2*c**3 + 10*c**2 - 10*c + 5. Let n(f) = f**3 - 5*f**2 + 5*f - 2. Let r(q) = -3*b(q) - 7*n(q). What is r(t)?
-5
Let z = -13 + 18. Let t(k) = -k + 3. Determine t(z).
-2
Let z(k) = -k**3 - 5*k**2 + 2*k + 2. Let c be 4/(-14) - (-99)/(-21). Determine z(c).
-8
Let n = 5 + -3. Let t(o) = -o - n + 10*o + 0. Let y(c) = 5*c - 1. Let r(j) = -6*t(j) + 10*y(j). What is r(2)?
-6
Suppose 3*n + 5 = -4. Let r(c) be the second derivative of c**5/20 + c**4/4 + c**3/6 + 2*c**2 - 39*c. What is r(n)?
1
Let d = 3 - 7. Let m(v) = v - 1. Let w(g) = 7 + 7 - 12*g - 4. Let k(a) = 22*m(a) + 2*w(a). Calculate k(d).
6
Let l(r) = -r**2 + 8*r - 5. Let z be 8 - 6 - (-3 - 0). Give l(z).
10
Let q(g) = -g + 1. Let j be q(6). Let h(v) be the third derivative of -v**4/24 + v**3/2 - 24*v**2. Calculate h(j).
8
Let p be (3/1)/(1 - 0). Let c(j) = -2*j**2 + 9*j - 4. Let z(m) = -2*m**2 + 8*m - 4. Let d(x) = -3*c(x) + 4*z(x). Determine d(p).
-7
Let s(a) = -44 + 18 + 23 + 3*a. Give s(4).
9
Let v(n) be the third derivative of n**6/120 - n**5/12 - n**4/8 + n**3/3 - n**2. Suppose -5*o - 2 = -12, 5*o = -3*x + 19. Suppose -b + 2 = -x. Calculate v(b).
-13
Let m = 3 + 1. Let z(b) = -b**2 + 2 - m*b - 2*b + 3*b + 0*b**2. What is z(-3)?
2
Let d(u) = -u**2 - 4*u - 2. Let x be ((1 - 0) + -1)/(-2). Let h = -3 - x. Let z be d(h). Let r(f) = -f**2 + 2*f - 1. Give r(z).
0
Let m(w) = -2*w**3 + 3*w**2 + 2*w. Let h be m(-1). Suppose h*r = -4*s - 23, 0 = 2*s + r - 6*r + 5. Let t(z) = -z**3 - 4*z**2 + 3*z - 3. What is t(s)?
7
Let m(t) = 7*t**3 + 3*t**2 + 6*t + 4. Let p(j) = 20*j**3 + 8*j**2 + 17*j + 11. Let z(k) = -17*m(k) + 6*p(k). Give z(2).
-6
Let c = 11 + -8. Let v(a) = -2*a**2 + a - 1. Let p(s) be the third derivative of -s**5/20 + s**4/12 - s**3/2 + 2*s**2. Let x(y) = c*p(y) - 5*v(y). Give x(0).
-4
Let q = 2 + 3. Let m(d) = -12 - d**2 + 18 + q*d + 2*d**2. Suppose -4 = -2*a - 14. Determine m(a).
6
Let i = -126 + 126. Let j(o) = -o**2 + 2*o**3 - o**3 - 4 + 3. What is j(i)?
-1
Suppose 26 = 8*b - 3*b - 2*t, 6 = 3*t. Let y(p) be the first derivative of p**2/2 - p + 2. Give y(b).
5
Let q(s) be the first derivative of s**3/3 - 3*s**2 + 8*s + 7. Determine q(6).
8
Let y(b) = b**3 - 7*b**2 - 8. Let t be y(7). Let m(z) = z + 3. Let l be m(t). Let v(o) = 4*o - 3 + 0 + o**3 + 6*o**2 - 3 - 1. What is v(l)?
-2
Let a(v) = -5*v - 2. Let q(k) = k. Let y(p) = 14*p + 6. Let w(s) = -2*q(s) - y(s). Let h(b) = 7*a(b) - 2*w(b). Give h(-3).
7
Let k(d) be the third derivative of -d**4/12 - 3*d**3/2 + 21*d**2. What is k(-7)?
5
Let j(u) = -207*u + 3 - 3 + 208*u. Give j(-2).
-2
Let h(m) be the first derivative of m**4/4 - 5*m**3/3 + m**2 + 2*m + 16. Determine h(5).
12
Let p(l) = l**2 - 7*l + 6. Let m = -3 - -7. Suppose -228 = 5*y + u, -5*y = -m*u + 125 + 113. Let d be y/(-8) - 2/(-8). Determine p(d).
0
Let h(z) be the third derivative of z**9/60480 + z**8/4032 + z**7/1008 - z**6/720 + z**5/60 + 2*z**2. Let a(v) be the third derivative of h(v). Calculate a(-4).
-5
Let v be (-72)/(-7) + (-2)/7. Suppose 3*q = -v - 2. Let h(u) = u + 3. Determine h(q).
-1
Let k(g) = -g**2 + 6*g - 2. Let r = -93 + 99. Give k(r).
-2
Suppose 0 = -3*g - 0*j - 2*j + 20, -j = -5*g + 55. Let r(m) = -m**3 + 9*m**2 + 10*m + 9. Calculate r(g).
9
Let k(m) = 2*m + 3. Let x(p) = -p + 7 + 7*p + 7 + 4*p. Let f(g) = 11*k(g) - 2*x(g). Give f(-5).
-5
Let w(l) be the third derivative of -l**5/120 + l**4/24 - l**3 - l**2. Let j(b) be the first derivative of w(b). Determine j(3).
-2
Let u(b) = -2*b - 3. Let g be u(-1). Let z(r) = -6*r**3 + r**2 - r - 1. Calculate z(g).
7
Let z(l) be the second derivative of -7*l**3/6 - l**2/2 + 28*l. What is z(-2)?
13
Let t(h) = h**2 - 3*h - 1. Let z(x) = x - 3. Let v be z(7). Let i = 14 + -8. Let s = v - i. Calculate t(s).
9
Suppose 6*f - 5*s = f + 5, s = -4*f + 9. Let a(i) = i**3 - 3*i**2 + i + 2. Give a(f).
0
Let t = 6 - -2. Let m be t/6*6/4. Let x(d) = -8*d**m + 0*d**2 - 1 + d**2. Give x(-1).
-8
Let t(b) = b + 1. Let o(l) = -4*l - 6. Let i be (-40)/(-16)*(-12)/1. Let m be (6/(-5))/(12/i). Let v(h